{"id":14,"date":"2024-08-18T21:33:12","date_gmt":"2024-08-18T21:33:12","guid":{"rendered":"https:\/\/nathalenearmand.com\/dev\/?page_id=14"},"modified":"2024-12-24T14:40:29","modified_gmt":"2024-12-24T14:40:29","slug":"a-propos","status":"publish","type":"page","link":"https:\/\/nathalenearmand.com\/?page_id=14","title":{"rendered":"Parcours"},"content":{"rendered":"<div  class=\"tatsu-ryOv01ljC tatsu-section  tatsu-section-custom-height tatsu-bg-overlay   tatsu-clearfix\" data-title=\"\"  data-headerscheme=\"background--dark\"><div class = \"tatsu-custom-height-wrap\"><div class='tatsu-section-pad clearfix' data-padding='{\"d\":\"0px 0% 90px 0%\",\"m\":\"0px 0% 60px 0%\"}' data-padding-top='0px'><div class=\"tatsu-row-wrap  tatsu-wrap tatsu-row-one-col tatsu-row-has-one-cols tatsu-medium-gutter tatsu-reg-cols  tatsu-clearfix tatsu-HkeuDCkljC\" ><div  class=\"tatsu-row \" ><div  class=\"tatsu-column  tatsu-column-no-bg tatsu-one-col tatsu-column-align-middle tatsu-column-image-none tatsu-column-effect-none  tatsu-SkbuDC1xoR\"  data-parallax-speed=\"0\" style=\"\"><div class=\"tatsu-column-inner \" ><div class=\"tatsu-column-pad-wrap\"><div class=\"tatsu-column-pad\" ><div  class=\"tatsu-module tatsu-text-block-wrap tatsu-H1VHJwA2R  \"><div class=\"tatsu-text-inner tatsu-align-center  clearfix\" ><style>.tatsu-H1VHJwA2R.tatsu-text-block-wrap .tatsu-text-inner{width: 27%;text-align: center;color: rgba(255,255,255,1) ;}.tatsu-H1VHJwA2R .tatsu-text-inner *{color: rgba(255,255,255,1) ;}.tatsu-H1VHJwA2R.tatsu-text-block-wrap .tatsu-text-inner *{font-family : \"Playfair Display\",-apple-system,BlinkMacSystemFont,'Segoe UI',Roboto,Oxygen-Sans,Ubuntu,Cantarell,'Helvetica Neue',sans-serif;text-transform : none;}@media only screen and (max-width: 767px) {.tatsu-H1VHJwA2R.tatsu-text-block-wrap .tatsu-text-inner{width: 60%;}.tatsu-H1VHJwA2R.tatsu-text-block-wrap .tatsu-text-inner *{font-family : \"Playfair Display\",-apple-system,BlinkMacSystemFont,'Segoe UI',Roboto,Oxygen-Sans,Ubuntu,Cantarell,'Helvetica Neue',sans-serif;}}<\/style>\n<h2 style=\"text-align: center;\">Parcours<\/h2>\n<\/div><\/div><\/div><\/div><div class = \"tatsu-column-bg-image-wrap\"><div class = \"tatsu-column-bg-image\" ><\/div><\/div><\/div><style>.tatsu-row > .tatsu-SkbuDC1xoR.tatsu-column{width: 100%;}.tatsu-SkbuDC1xoR.tatsu-column > .tatsu-column-inner > .tatsu-column-overlay{mix-blend-mode: none;}.tatsu-SkbuDC1xoR > .tatsu-column-inner > .tatsu-top-divider{z-index: 9999;}.tatsu-SkbuDC1xoR > .tatsu-column-inner > .tatsu-bottom-divider{z-index: 9999;}.tatsu-SkbuDC1xoR > .tatsu-column-inner > .tatsu-left-divider{z-index: 9999;}.tatsu-SkbuDC1xoR > .tatsu-column-inner > .tatsu-right-divider{z-index: 9999;}<\/style><\/div><\/div><\/div><\/div><div class=\"tatsu-section-background-wrap\"><div class = \"tatsu-section-background\" ><\/div><\/div><div class=\"tatsu-overlay tatsu-section-overlay\"><\/div><\/div><style>.tatsu-ryOv01ljC .tatsu-section-background{background-image: url(https:\/\/nathalenearmand.com\/wp-content\/uploads\/2024\/09\/clavier-typewrtier.png);background-repeat: no-repeat;background-attachment: scroll;background-position: center center;background-size: cover;}.tatsu-ryOv01ljC .tatsu-bg-blur{background-repeat: no-repeat;background-attachment: scroll;background-position: center center;background-size: cover;}.tatsu-ryOv01ljC .tatsu-section-pad{padding: 0px 0% 90px 0%;}.tatsu-ryOv01ljC > .tatsu-bottom-divider{z-index: 9999;}.tatsu-ryOv01ljC > .tatsu-top-divider{z-index: 9999;}.tatsu-ryOv01ljC .tatsu-section-overlay{background: rgba(64,101,145,0.29);mix-blend-mode: normal;}.tatsu-ryOv01ljC .tatsu-custom-height-wrap{align-items: center;min-height: 800px;}@media only screen and (max-width: 767px) {.tatsu-ryOv01ljC .tatsu-section-background{background-attachment: scroll;background-size: cover;}.tatsu-ryOv01ljC .tatsu-bg-blur{background-attachment: scroll;background-size: cover;}.tatsu-ryOv01ljC .tatsu-section-pad{padding: 0px 0% 60px 0%;}.tatsu-ryOv01ljC .tatsu-custom-height-wrap{min-height: 600px;}}<\/style><\/div><div  class=\"tatsu-SkWf7CygsR tatsu-section  tatsu-bg-overlay   tatsu-clearfix\" data-title=\"\"  data-headerscheme=\"background--dark\"><div class='tatsu-section-pad clearfix' data-padding='{\"d\":\"0px 0px 0px 0px\"}' data-padding-top='0px'><div class=\"tatsu-row-wrap  tatsu-row-full-width tatsu-row-has-two-cols tatsu-no-gutter tatsu-eq-cols  tatsu-clearfix tatsu-r1xMm01xiC\" ><div  class=\"tatsu-row \" ><div  class=\"tatsu-column  tatsu-bg-overlay tatsu-one-third tatsu-column-align-top tatsu-column-image-none tatsu-column-effect-none  tatsu-HkfX0yxiR\"  data-parallax-speed=\"0\" style=\"\"><div class=\"tatsu-column-inner \" ><div class=\"tatsu-column-pad-wrap\"><div class=\"tatsu-column-pad\" ><div  class=\"tatsu-single-image tatsu-module tatsu-image-lazyload tatsu-ByBmdZtoA  \" ><div class=\"tatsu-single-image-inner \" style=\"width : 682px;\" ><div class = \"tatsu-single-image-padding-wrap\" style = \"padding-bottom : 150.14662756598%;\" ><\/div><img class = \"tatsu-gradient-border\" alt = \"\" title = \"Nathalene_portrait\" data-src = \"https:\/\/nathalenearmand.com\/wp-content\/uploads\/2024\/09\/Nathalene_portrait.jpg\" src =\"data:image\/png;base64,iVBORw0KGgoAAAANSUhEUgAAAAEAAAABCAQAAAC1HAwCAAAAC0lEQVR42mNkYAAAAAYAAjCB0C8AAAAASUVORK5CYII=\"  \/><\/div><style>.tatsu-ByBmdZtoA .tatsu-single-image-inner{border-style: solid;max-width: 100%;}.tatsu-ByBmdZtoA.tatsu-single-image{transform: translate3d(0px,0px, 0);}.tatsu-ByBmdZtoA{padding: 60px 0px 0px 0px;}@media only screen and (max-width: 767px) {.tatsu-ByBmdZtoA{padding: 0px 0px 60px 0px;}}<\/style><\/div><\/div><\/div><div class = \"tatsu-column-bg-image-wrap\"><div class = \"tatsu-column-bg-image\" ><\/div><\/div><div class=\"tatsu-overlay tatsu-column-overlay tatsu-animate-none\" ><\/div><\/div><style>.tatsu-row > .tatsu-HkfX0yxiR.tatsu-column{width: 30%;}.tatsu-HkfX0yxiR.tatsu-column > .tatsu-column-inner > .tatsu-column-pad-wrap > .tatsu-column-pad{padding: 0px 10% 0px 10%;}.tatsu-HkfX0yxiR.tatsu-column > .tatsu-column-inner > .tatsu-column-overlay{background: rgba(73,91,117,0.94);mix-blend-mode: normal;}.tatsu-HkfX0yxiR > .tatsu-column-inner > .tatsu-top-divider{z-index: 9999;}.tatsu-HkfX0yxiR > .tatsu-column-inner > .tatsu-bottom-divider{z-index: 9999;}.tatsu-HkfX0yxiR > .tatsu-column-inner > .tatsu-left-divider{z-index: 9999;}.tatsu-HkfX0yxiR > .tatsu-column-inner > .tatsu-right-divider{z-index: 9999;}@media only screen and (max-width:1377px) {.tatsu-row > .tatsu-HkfX0yxiR.tatsu-column{width: 33.33%;}}@media only screen and (min-width:768px) and (max-width: 1024px) {.tatsu-row > .tatsu-HkfX0yxiR.tatsu-column{width: 33.33%;}}@media only screen and (max-width: 767px) {.tatsu-row > .tatsu-HkfX0yxiR.tatsu-column{width: 100%;}.tatsu-HkfX0yxiR.tatsu-column > .tatsu-column-inner > .tatsu-column-pad-wrap > .tatsu-column-pad{padding: 60px 5% 0px 5%;}}<\/style><\/div><div  class=\"tatsu-column  tatsu-bg-overlay tatsu-two-third tatsu-column-image-none tatsu-column-effect-none  tatsu-Syxne8xgo0\"  data-parallax-speed=\"0\" style=\"\"><div class=\"tatsu-column-inner \" ><div class=\"tatsu-column-pad-wrap\"><div class=\"tatsu-column-pad\" ><div  class=\"tatsu-module tatsu-text-block-wrap tatsu-HyFgqMmpC  \"><div class=\"tatsu-text-inner tatsu-align-center  clearfix\" ><style>.tatsu-HyFgqMmpC.tatsu-text-block-wrap .tatsu-text-inner{width: 100%;text-align: left;background-color: rgba(214,214,214,0.15);padding: 0px 0px 0px 5px;color: rgba(255,255,255,1) ;}.tatsu-HyFgqMmpC.tatsu-text-block-wrap{margin: 0px 0px 0px 0px;}.tatsu-HyFgqMmpC .tatsu-text-inner *{color: rgba(255,255,255,1) ;}<\/style>\n<h3><span style=\"color: #ffffff;\">Nathal\u00e8ne Armand<\/span><\/h3>\n<\/div><\/div><div  class=\"tatsu-module tatsu-text-block-wrap tatsu-BJNYbvA20  \"><div class=\"tatsu-text-inner tatsu-align-center  clearfix\" ><style>.tatsu-BJNYbvA20.tatsu-text-block-wrap .tatsu-text-inner{width: 100%;text-align: left;background-color: rgba(214,214,214,0.15);padding: 0px 0px 0px 5px;}.tatsu-BJNYbvA20.tatsu-text-block-wrap .tatsu-text-inner *{text-transform : uppercase;}<\/style>\n<h5><span style=\"color: #ffffff;\">\u00c9crivaine-chercheuse\u00a0<\/span><\/h5>\n<\/div><\/div><div  class=\"tatsu-module tatsu-text-block-wrap tatsu-SJRkRce2R  \"><div class=\"tatsu-text-inner tatsu-align-center  clearfix\" ><style>.tatsu-SJRkRce2R.tatsu-text-block-wrap .tatsu-text-inner{width: 100%;text-align: left;color: rgba(255,255,255,1) ;}.tatsu-SJRkRce2R .tatsu-text-inner *{color: rgba(255,255,255,1) ;}<\/style>\n<p class=\"p5\"><span class=\"s2\">Tr\u00e8s t\u00f4t, Nathal\u00e8ne s\u2019int\u00e9resse \u00e0 l&rsquo;\u00e9criture.<\/span><\/p>\n<p class=\"p1\"><span class=\"s1\"><b>\u00c0 12 ans, elle \u00e9crit et illustre son premier texte d\u2019auteure\u00a0<em>Un cadavre au manoir<\/em><\/b>, inspir\u00e9 des romans d\u2019Agatha\u00a0Christie. Ce texte, dactylographi\u00e9 sur une machine \u00e0 \u00e9crire par un adulte charitable, lui r\u00e9v\u00e8le ses aptitudes en \u00e9criture\u2026 et son manque de talent en dessin!<\/span><\/p>\n<p class=\"p5\"><span class=\"s2\"><strong>\u00c0 14 ans, Nathal\u00e8ne \u00e9crit son premier roman <em>Gertrude<\/em><\/strong>. Cette histoire de taille-crayon kidnapp\u00e9 lui vaut, deux ans plus tard, en 1986, une mention du Gouverneur g\u00e9n\u00e9ral du Canada au concours Jeunes auteurs du Qu\u00e9bec, cat\u00e9gorie Roman jeunesse.<\/span><\/p>\n<\/div><\/div><div  class=\"tatsu-module tatsu-text-block-wrap tatsu-H1a9QWba0  \"><div class=\"tatsu-text-inner tatsu-align-center  clearfix\" ><style>.tatsu-H1a9QWba0.tatsu-text-block-wrap .tatsu-text-inner{width: 100%;text-align: left;color: rgba(255,255,255,1) ;}.tatsu-H1a9QWba0 .tatsu-text-inner *{color: rgba(255,255,255,1) ;}<\/style>\n<p class=\"p1\"><span class=\"s1\">N\u00e9e \u00e0 Montr\u00e9al, Nathal\u00e8ne Armand a publi\u00e9 des romans, des nouvelles, des contes, des articles et un guide de r\u00e9daction. \u00c9crivaine-chercheuse, Nathal\u00e8ne d\u00e9tient un <strong>doctorat en \u00e9tudes et pratiques des arts<\/strong> de l\u2019Universit\u00e9 du Qu\u00e9bec \u00e0 Montr\u00e9al (litt\u00e9ratures et anthropologie) ainsi qu\u2019une ma\u00eetrise en cr\u00e9ation litt\u00e9raire de l\u2019Universit\u00e9 McGill. En 2006, Nathal\u00e8ne publie son premier roman, <i>Le bonheur rend sourd<\/i>, manuscrit finaliste au prix Robert-Cliche. En 2023, Arts \u2013 Sciences \u2013 Lettres, soci\u00e9t\u00e9 acad\u00e9mique d\u2019\u00e9ducation et d\u2019encouragement couronn\u00e9e par l\u2019Acad\u00e9mie fran\u00e7aise, lui d\u00e9cerne la m\u00e9daille d\u2019\u00e9tain dans la cat\u00e9gorie \u00c9crivain, soulignant la progression marqu\u00e9e de son parcours litt\u00e9raire.<\/span><\/p>\n<p class=\"p3\"><span class=\"s1\">Avec une plume aussi affin\u00e9e qu\u2019inventive, Nathal\u00e8ne s\u2019inspire du quotidien, de l\u2019\u00e9ph\u00e9m\u00e8re et du non-dit. L\u2019humour du ton et la concision du style caract\u00e9risent ses textes o\u00f9 la rencontre du r\u00e9alisme et de l\u2019imaginaire p\u00e9tille d\u2019\u00e9tincelles \u00e9vocatrices.<\/span><\/p>\n<p class=\"p3\"><span class=\"s1\">La fluidit\u00e9 de son \u00e9criture, sa pointe d\u2019humour et l\u2019humanit\u00e9 de ses personnages colorent sa voix narrative.<\/span><\/p>\n<\/div><\/div><div  class=\"tatsu-single-image tatsu-module tatsu-image-lazyload tatsu-external-image tatsu-H1MD4DCn0  \" ><div class=\"tatsu-single-image-inner \" style=\"\" ><div class = \"tatsu-single-image-padding-wrap\" style = \"\" ><\/div><img class = \"tatsu-gradient-border\" data-src = \"https:\/\/nathalenearmand.com\/dev\/wp-content\/uploads\/2024\/09\/slide2_banniere-1.jpg\" alt =\" \"  src =\"data:image\/png;base64,iVBORw0KGgoAAAANSUhEUgAAAAEAAAABCAQAAAC1HAwCAAAAC0lEQVR42mNkYAAAAAYAAjCB0C8AAAAASUVORK5CYII=\"  \/><\/div><style>.tatsu-H1MD4DCn0 .tatsu-single-image-inner{border-style: solid;max-width: 100%;}.tatsu-H1MD4DCn0.tatsu-single-image{transform: translate3d(0px,0px, 0);}<\/style><\/div><div  class=\"tatsu-module tatsu-text-block-wrap tatsu-SJ9dw7WnC  \"><div class=\"tatsu-text-inner tatsu-align-center  clearfix\" ><style>.tatsu-SJ9dw7WnC.tatsu-text-block-wrap .tatsu-text-inner{width: 100%;text-align: left;color: rgba(255,255,255,1) ;}.tatsu-SJ9dw7WnC.tatsu-text-block-wrap{margin: 0px 0px 10px 0px;}.tatsu-SJ9dw7WnC .tatsu-text-inner *{color: rgba(255,255,255,1) ;}<\/style>\n<h4><span style=\"color: #ffffff;\">Nathal\u00e8ne est membres des associations suivantes :<\/span><\/h4>\n<\/div><\/div><div  class=\"tatsu-module tatsu-normal-button tatsu-button-wrap   tatsu-HkePAw7Z3A   \"><a class=\"tatsu-shortcode smallbtn tatsu-button left-icon circular   bg-animation-none  \" href=\"https:\/\/www.uneq.qc.ca\" style= \"\"  aria-label=\"Membre de l\u2019UNEQ (Union des \u00e9crivaines et des \u00e9crivains du Qu\u00e9bec)\" data-gdpr-atts={} target=\"_blank\">Membre de l\u2019UNEQ (Union des \u00e9crivaines et des \u00e9crivains du Qu\u00e9bec)<\/a><style>.tatsu-HkePAw7Z3A .tatsu-button{background-color: rgba(233,204,240,1);color: #222222 ;}.tatsu-HkePAw7Z3A .tatsu-button:hover{background-color: rgba(154,177,202,1);}.tatsu-HkePAw7Z3A{padding: 0px 0px 10px 1px;}<\/style><\/div><div  class=\"tatsu-module tatsu-normal-button tatsu-button-wrap   tatsu-ByuyFmbnC   \"><a class=\"tatsu-shortcode smallbtn tatsu-button left-icon circular   bg-animation-none  \" href=\"https:\/\/www.acfas.ca\" style= \"\"  aria-label=\"Membre de l\u2019Acfas (Association canadienne-fran\u00e7aise pour l\u2019avancement des sciences)\" data-gdpr-atts={} target=\"_blank\">Membre de l\u2019Acfas (Association canadienne-fran\u00e7aise pour l\u2019avancement des sciences)<\/a><style>.tatsu-ByuyFmbnC .tatsu-button{background-color: rgba(214,236,193,1);color: #222222 ;}.tatsu-ByuyFmbnC .tatsu-button:hover{background-color: rgba(212,194,167,1);}.tatsu-ByuyFmbnC{padding: 0px 0px 60px 0px;}<\/style><\/div><\/div><\/div><div class = \"tatsu-column-bg-image-wrap\"><div class = \"tatsu-column-bg-image\" ><\/div><\/div><div class=\"tatsu-overlay tatsu-column-overlay tatsu-animate-none\" ><\/div><\/div><style>.tatsu-row > .tatsu-Syxne8xgo0.tatsu-column{width: 70%;}.tatsu-Syxne8xgo0.tatsu-column > .tatsu-column-inner > .tatsu-column-bg-image-wrap > .tatsu-column-bg-image{background-image: url(https:\/\/nathalenearmand.com\/dev\/wp-content\/uploads\/2024\/08\/Paris-Librairies-24-04-13-0127-1.jpg);background-repeat: no-repeat;background-attachment: scroll;background-position: top left;background-size: cover;}.tatsu-Syxne8xgo0.tatsu-column > .tatsu-column-inner > .tatsu-bg-blur{background-repeat: no-repeat;background-attachment: scroll;background-position: top left;background-size: cover;}.tatsu-Syxne8xgo0.tatsu-column > .tatsu-column-inner > .tatsu-column-pad-wrap > .tatsu-column-pad{padding: 60px 10% 60px 10%;}.tatsu-Syxne8xgo0.tatsu-column > .tatsu-column-inner > .tatsu-column-overlay{background: rgba(110,134,155,0.95);mix-blend-mode: normal;}.tatsu-Syxne8xgo0 > .tatsu-column-inner > .tatsu-top-divider{z-index: 9999;}.tatsu-Syxne8xgo0 > .tatsu-column-inner > .tatsu-bottom-divider{z-index: 9999;}.tatsu-Syxne8xgo0 > .tatsu-column-inner > .tatsu-left-divider{z-index: 9999;}.tatsu-Syxne8xgo0 > .tatsu-column-inner > .tatsu-right-divider{z-index: 9999;}@media only screen and (max-width:1377px) {.tatsu-row > .tatsu-Syxne8xgo0.tatsu-column{width: 66.67%;}}@media only screen and (min-width:768px) and (max-width: 1024px) {.tatsu-row > .tatsu-Syxne8xgo0.tatsu-column{width: 66.67%;}}@media only screen and (max-width: 767px) {.tatsu-row > .tatsu-Syxne8xgo0.tatsu-column{width: 100%;}.tatsu-Syxne8xgo0.tatsu-column > .tatsu-column-inner > .tatsu-column-pad-wrap > .tatsu-column-pad{padding: 60px 5% 60px 5%;}}<\/style><\/div><\/div><\/div><\/div><div class=\"tatsu-section-background-wrap\"><div class = \"tatsu-section-background\" ><\/div><\/div><div class=\"tatsu-overlay tatsu-section-overlay\"><\/div><style>.tatsu-SkWf7CygsR .tatsu-section-background{background-image: url(https:\/\/nathalenearmand.com\/dev\/wp-content\/uploads\/2024\/08\/Paris-Librairies-24-04-13-0127-1.jpg);background-repeat: no-repeat;background-attachment: scroll;background-position: top left;background-size: cover;}.tatsu-SkWf7CygsR .tatsu-bg-blur{background-repeat: no-repeat;background-attachment: scroll;background-position: top left;background-size: cover;}.tatsu-SkWf7CygsR .tatsu-section-offset-wrap{transform: translateY(-0px);}.tatsu-SkWf7CygsR > .tatsu-bottom-divider{z-index: 9999;}.tatsu-SkWf7CygsR > .tatsu-top-divider{z-index: 9999;}.tatsu-SkWf7CygsR .tatsu-section-overlay{mix-blend-mode: normal;}<\/style><\/div>\n","protected":false},"excerpt":{"rendered":"<p><a href=\"https:\/\/nathalenearmand.com\/?page_id=14\" class=\"more-link style1-button\">Read More<\/a><\/p>","protected":false},"author":1,"featured_media":0,"parent":0,"menu_order":0,"comment_status":"closed","ping_status":"closed","template":"","meta":{"footnotes":""},"class_list":["post-14","page","type-page","status-publish","hentry"],"_links":{"self":[{"href":"https:\/\/nathalenearmand.com\/index.php?rest_route=\/wp\/v2\/pages\/14","targetHints":{"allow":["GET"]}}],"collection":[{"href":"https:\/\/nathalenearmand.com\/index.php?rest_route=\/wp\/v2\/pages"}],"about":[{"href":"https:\/\/nathalenearmand.com\/index.php?rest_route=\/wp\/v2\/types\/page"}],"author":[{"embeddable":true,"href":"https:\/\/nathalenearmand.com\/index.php?rest_route=\/wp\/v2\/users\/1"}],"replies":[{"embeddable":true,"href":"https:\/\/nathalenearmand.com\/index.php?rest_route=%2Fwp%2Fv2%2Fcomments&post=14"}],"version-history":[{"count":120,"href":"https:\/\/nathalenearmand.com\/index.php?rest_route=\/wp\/v2\/pages\/14\/revisions"}],"predecessor-version":[{"id":1228,"href":"https:\/\/nathalenearmand.com\/index.php?rest_route=\/wp\/v2\/pages\/14\/revisions\/1228"}],"wp:attachment":[{"href":"https:\/\/nathalenearmand.com\/index.php?rest_route=%2Fwp%2Fv2%2Fmedia&parent=14"}],"curies":[{"name":"wp","href":"https:\/\/api.w.org\/{rel}","templated":true}]}}